or of d and 10?
10
Let v(r) = -8*r - 5. Let c be v(-1). Suppose 4*h = 3*a - 34 - 37, -4*h + 34 = 2*a. Calculate the highest common divisor of c and a.
3
Let j(l) = -l**3 + 5*l**2 + 10*l - 7. Let s be j(6). Let a = -653 - -713. Suppose a = -s*y + 21*y. Calculate the greatest common divisor of y and 15.
15
Suppose -a + 6 - 3 = 0, 5*p - 300 = 5*a. Suppose 569 + 901 = 35*i. Calculate the highest common factor of p and i.
21
Let g(f) = -58*f**2 + 8*f - 3. Let u be g(6). Let h be -10*((-4)/18)/(120/(-270)). Let y be 2/h + u/(-45). Calculate the highest common divisor of 15 and y.
15
Let q be 2/(-30)*(-23 + -1312). Calculate the highest common factor of q and 267.
89
Let p be 876*36/27 + 5/(-1). Let u = 1674 - p. What is the greatest common factor of 73 and u?
73
Suppose -7 = 13*v + 6. Let c be v/(1/(-5)) + 22 + 9. Calculate the greatest common divisor of 48 and c.
12
Suppose 3*j = 4*k + 10136, j + 3*k - 7*k - 3384 = 0. What is the greatest common divisor of j and 16?
16
Let y be (-708)/18*(1/(-2) - 1). What is the greatest common factor of y and 2891?
59
Let c be 6 + -3 + 0 + 40. Let w = c - 23. Suppose d = 4*k - 21, 9*d - 13*d - 8 = 3*k. Calculate the highest common divisor of k and w.
4
Suppose -84 + 71 = -178*x + 165. Calculate the greatest common divisor of x and 67.
1
Suppose 13*q = -4*s + 18*q + 23, 3*s = -2*q. Suppose -3*z = -3*n + 783, s*n + 3*n - 3*z = 1311. What is the highest common factor of n and 33?
33
Let c = -34469 - -34567. Suppose -5*s + 715 = -4*p, -5*s + 70 + 690 = 5*p. What is the highest common divisor of s and c?
49
Suppose 246*l - 231634 = 95*l. Calculate the highest common divisor of l and 590.
118
Suppose -20*o = -44255 - 22385. What is the highest common factor of o and 147?
49
Let t(n) = n - 7. Let z be t(-10). Let y = 27 - z. Let s = -623 - -634. Calculate the greatest common divisor of y and s.
11
Suppose 29 = m - 283*s + 279*s, -4*m - 5*s + 53 = 0. Let a be (0 - -394) + -3 + 0. Calculate the highest common factor of a and m.
17
Let n = 21491 + -20387. What is the greatest common divisor of 304 and n?
16
Let y be (-1900)/1330*((-4)/14 - (-3279)/(-14)). What is the greatest common divisor of y and 2479?
67
Let i(t) = t**2 - 155*t + 11590. Let u be i(0). Calculate the greatest common divisor of 190 and u.
190
Let u(h) = -69*h - 73. Let s be u(-7). Let y = 498 - s. Calculate the highest common factor of y and 792.
88
Suppose -7*x - 28 - 42 = 0. Let j be (-32 - (x + 5))/(-1). What is the highest common divisor of j and 45?
9
Suppose -219*n + 196*n + 461 = -850. What is the greatest common factor of n and 2242?
19
Let r(x) be the first derivative of -1/3*x**3 + 9*x - 17 + 9/2*x**2. Let i be r(8). What is the highest common divisor of 136 and i?
17
Let j = -7416 + 7572. What is the greatest common factor of j and 210?
6
Let k be (22 - 0)*(190/20)/19. Let l = 164 + -99. Let p = l + 12. Calculate the greatest common divisor of k and p.
11
Let r(o) = 1899*o**2 - 87*o - 269. Let f be r(-3). What is the greatest common factor of 22 and f?
11
Suppose -14015604 = -904*z - 30*z. Calculate the highest common divisor of 369 and z.
123
Let q(w) = 2*w**3 + 37*w**2 + 56*w + 85. Let p be q(-15). What is the greatest common factor of 164 and p?
164
Suppose -10*l + 11*l - 342 = 0. Suppose 4*u - 2*k - l = -0*u, 5*k - 102 = -u. Calculate the greatest common factor of 29 and u.
29
Let v = 4012 + -3389. Calculate the highest common factor of 42 and v.
7
Let i = -1391 + 2686. What is the highest common factor of 3515 and i?
185
Suppose 4*s = -26 + 6, 34 = 3*c - 5*s. Suppose c*h - 4*h - 256 = -4*j, 256 = 4*j + 2*h. What is the greatest common factor of 128 and j?
64
Let p be (((-3225)/86)/((-6)/262))/(5/10). Calculate the highest common factor of 1179 and p.
131
Let r = 3863 + -3782. What is the greatest common factor of r and 5751?
81
Suppose 0 = -39*v + 43*v - 480. Suppose -v = -4*z + 80. What is the greatest common factor of z and 400?
50
Let g(v) = -28*v**2 + 1555*v - 258. Let h be g(55). Suppose -2*u + 20 = 4*o, -2*o = -o - 2*u - 15. What is the greatest common factor of o and h?
7
Suppose -4 - 11 = -3*x + 2*m, -2*m - 3 = x. Let g = -292 + 299. Let c be (42/g + -3 + 0)*17. Calculate the highest common divisor of x and c.
3
Suppose 30 + 216 = 3*r. Let v = -56 - r. Let q be (-6)/(-9) - v/9 - -2. Calculate the greatest common factor of q and 18.
18
Let u(x) = -x**3 - 3*x**2 + 4*x + 8. Let y be u(-4). Suppose 2*q = y, -a = 7*q - 3*q - 76. Calculate the greatest common divisor of a and 48.
12
Suppose -c = -8 + 2. Let j = 4593 + -4515. What is the highest common divisor of c and j?
6
Suppose 0 = 5*u - 230 - 380. Suppose 4*g - 5*g + 2*i = -179, -3*i = -g + 177. Calculate the highest common divisor of g and u.
61
Let t = -3555 - -3630. Calculate the highest common divisor of 25 and t.
25
Let w = 796 - 1725. Let y = w - -1649. Suppose -8*l = l - y. Calculate the greatest common divisor of 16 and l.
16
Let i(z) be the third derivative of 0*z + z**2 - 2/3*z**3 + 0 - 5/24*z**4. Let x be i(-7). What is the greatest common factor of 93 and x?
31
Let r = 135 + -133. Suppose 2*v = r*h + 130, -5*v = -2*v - 2*h - 198. What is the highest common divisor of v and 51?
17
Let m = -7238 + 7371. Calculate the greatest common factor of m and 19.
19
Suppose 61*u + 12847 - 13030 = 0. Calculate the highest common divisor of u and 2199.
3
Suppose 109*y - 66 = 98*y. Let f = 377 - 263. Calculate the highest common divisor of f and y.
6
Let q be (762 - 10) + -2 + -13. Calculate the greatest common divisor of q and 469.
67
Suppose -j - 2*j = -75. Let x = -2 + j. Let m(w) = w**2 - 17*w - 3. Let s be m(x). What is the greatest common divisor of s and 15?
15
Let x(u) = -u + 32. Let r be x(5). Suppose 5*q - r - 18 = 0. Calculate the greatest common factor of 162 and q.
9
Suppose -3*o + 270 = -0*o + 2*w, 0 = 3*o + w - 273. Suppose 97*n = o*n + 210. Suppose x - 5 - 7 = 0. What is the greatest common factor of x and n?
6
Let n(u) = -u**2 - 17*u - 125. Let r be n(-7). Let h = r - -198. What is the highest common divisor of h and 65?
13
Suppose 30 - 79 = -4*c + r, -3*c + 3*r + 30 = 0. Suppose 3*k + 10 = c*k. What is the highest common divisor of k and 11?
1
Suppose -2*x = -h - 3395, 2*x - 1556 = 3*h + 1853. Calculate the highest common divisor of 126 and x.
14
Suppose -11053 + 140853 = 118*m. What is the greatest common factor of m and 400?
100
Let p(t) = 2*t**3 - 3*t**2 - 165*t + 8. Let y be p(-8). Calculate the highest common divisor of y and 42.
14
Let g = 3472 - 3388. What is the highest common factor of 768 and g?
12
Let m = 3718 - 3636. What is the highest common factor of m and 3526?
82
Let p = 43 + -31. Suppose 6*i = 3*j + 78, -3*j - 8 = -2. What is the highest common divisor of p and i?
12
Let u be 2/(-4)*(-13 + (-10 - -5)). Suppose z = u*z - 288. What is the highest common divisor of 60 and z?
12
Let u be 13 + 616/(-48) - 334/(-12). Let r = 65 - 37. Calculate the highest common divisor of u and r.
28
Let d(a) = -2*a**3 - 94*a**2 - 398*a + 24. Let j be d(-4). What is the highest common divisor of j and 1116?
12
Let u = -923 - -947. What is the greatest common divisor of u and 312?
24
Let w = 21229 + -15130. Calculate the greatest common divisor of w and 228.
57
Let i be 0/2 - 30/3. Let f(t) = -3*t - 29. Let g be f(i). What is the highest common divisor of g and 8?
1
Suppose 105*w = 12343 + 15062. What is the highest common divisor of w and 1653?
87
Suppose -5*q + 142 = c, 63*q - 5*c - 206 = 1724. Let p(h) = h**3 - 4*h - 2. Let x be p(6). What is the greatest common divisor of x and q?
10
Let g be 380/124 + (-2)/31. Let v be g + 0 + 6/(-8)*-1468. What is the greatest common divisor of v and 69?
69
Let b = -16571 + 16813. What is the greatest common factor of 33 and b?
11
Suppose 2*s + 33 - 259 = -2*r, -3*r + 4*s = -332. Let n = 1314 - 1282. What is the highest common factor of r and n?
16
Suppose -5*p + 10*p - 480 = 0. Suppose -q = -3*q + p. Let w = 1613 - 1601. Calculate the greatest common divisor of q and w.
12
Let j(c) = -10*c + 9*c + 7*c + 29*c - 9. Let o be j(3). Let z = o + -64. Calculate the highest common divisor of 32 and z.
32
Let z be (-3 - -5) + 1 + (-2)/2. Let u(r) = -17 + 103*r**2 + 18*r - 48*r**z - 57*r**2. Let k be u(7). Calculate the highest common fact